2).
49
Let i(k) = -70*k**2 - 5*k + 4. Determine i(1).
-71
Let d(f) = -2*f**3 + 4*f**2 + 3. What is d(3)?
-15
Let q(d) = -d**3 + 8*d**2 - 16*d - 1. Give q(5).
-6
Let f(o) = o**3 + 12*o**2 + 2*o - 10. Calculate f(-12).
-34
Let w(g) = -g**3 - 7*g**2 + 3*g + 9. Determine w(-7).
-12
Let p(l) = -l**3 - 7*l**2 - 3*l - 7. What is p(-6)?
-25
Let u(r) = -r + 19. Determine u(5).
14
Let a(x) = -6*x - 376. Give a(-63).
2
Let t(n) = 2*n**2 - 21*n - 20. Determine t(11).
-9
Let u(f) = -12*f + 1. Give u(-1).
13
Let j(x) = 77*x - 24. Calculate j(1).
53
Let p(b) = b**2 - 5*b + 2. What is p(6)?
8
Let i(h) = 92*h - 1192. Give i(13).
4
Let m(i) = i**2 - 18*i - 22. Give m(19).
-3
Let m(g) = -g**3 - 8*g**2 - 105. Calculate m(-9).
-24
Let n(m) = m**3 - 9*m**2 - 7. Give n(9).
-7
Let d(b) = 12*b + 27. Calculate d(-4).
-21
Let d(x) = x**3 + 7*x**2 - 12*x - 11. Determine d(-8).
21
Let b(d) = -6*d**2 + 40*d + 14. Calculate b(7).
0
Let i(s) = -3*s + 1. What is i(-4)?
13
Let w(q) = -5*q + 6. Give w(-4).
26
Let q(o) = 2*o**3 + 9*o**2 - 34*o + 10. What is q(-7)?
3
Let l(j) = j**2 - 10*j - 4. Determine l(9).
-13
Let g(z) = 17*z + 2. Give g(-2).
-32
Let j(c) = -2*c + 45. Give j(26).
-7
Let t(i) = i**2 - i + 1. Give t(-7).
57
Let j(i) = -3*i**3 + 31*i**2 - 15*i + 45. What is j(10)?
-5
Let z(s) = 8*s**3 - s**2 + 2*s - 3. Calculate z(2).
61
Let k(i) = 2*i - 7. Calculate k(6).
5
Let y(w) = 6*w - 138. Calculate y(21).
-12
Let u(a) = -5*a**2 + 23*a - 4. Calculate u(5).
-14
Let i(s) = 19*s - 6. What is i(-3)?
-63
Let g(b) = -5*b - 34. What is g(0)?
-34
Let p(n) = n**2 - 7. Give p(3).
2
Let g(q) = -2*q**2 + 45*q - 69. Give g(21).
-6
Let k(d) = -d**3 + 12*d**2 - 8*d - 11. Give k(9).
160
Let g(f) = 19*f. Determine g(-2).
-38
Let g(a) = a**3 + 5*a**2 + 4*a + 2. Determine g(-4).
2
Let i(l) = -l**3 - 10*l**2 - 21*l - 87. Determine i(-9).
21
Let l(y) = -3*y + 24. Calculate l(11).
-9
Let h(v) = -v**3 + 51*v**2 + 108*v - 102. Give h(53).
4
Let y(i) = -24*i**3 + i**2 + 6*i - 6. Calculate y(1).
-23
Let l(y) = -y**2 - 6*y + 20. Calculate l(-7).
13
Let l(f) = f**2 - f - 15. Give l(0).
-15
Let h(g) = -g**2 + 72*g + 150. What is h(-2)?
2
Let o(g) = -g**3 + 18*g**2 - 33*g + 22. What is o(16)?
6
Let n(x) = x**3 + 14*x**2 - 2*x - 26. Calculate n(-14).
2
Let p(s) = s**3 - 6*s**2 + 3*s + 2. Give p(4).
-18
Let g(z) = 17*z - 9. Calculate g(1).
8
Let x(l) = -l**2 + 5*l + 1. Give x(6).
-5
Let l(u) = -122*u**2 + u + 1. Determine l(-1).
-122
Let r(q) = -3*q**2 - 4*q - 2. Give r(-3).
-17
Let d(j) = -j**3 + 12*j**2 + 13*j + 2. Determine d(13).
2
Let d(c) = 5*c - 2. Determine d(-2).
-12
Let d(f) = f**2 + 36*f + 190. Calculate d(-29).
-13
Let b(y) = -2*y - 37. Calculate b(-9).
-19
Let o(c) = c - 30. Give o(0).
-30
Let z(i) = -79*i - 83. Calculate z(-1).
-4
Let p(g) = 6*g + 41. Determine p(-14).
-43
Let a(g) = 3*g**2 + 26*g + 9. Determine a(-9).
18
Let n(s) = 3*s**2 - 12*s - 16. Calculate n(-7).
215
Let t(w) = -2*w**3 - 5*w**2 - 9*w - 9. What is t(-2)?
5
Let w(f) = f - 20. Determine w(11).
-9
Let j(q) = -q**3 - 14*q**2 + 7*q + 7. Give j(-14).
-91
Let f(v) = 6*v + 99. Determine f(-17).
-3
Let x(i) = i**3 + 4*i**2 - 5*i + 1. What is x(-6)?
-41
Let x(r) = 246*r + 1963. Determine x(-8).
-5
Let r(y) = -y - 3. Give r(12).
-15
Let x(q) = -4*q**2 + 5. What is x(-3)?
-31
Let l(z) = z**2 - 2*z - 2. Calculate l(-3).
13
Let u(j) = -j**2 - 43*j - 93. Determine u(-41).
-11
Let q(y) = y**3 - 8*y**2 + 4*y + 2. Determine q(7).
-19
Let u(i) = 3*i + 9. Determine u(2).
15
Let i(c) = -c**3 - 10*c**2 - 37*c - 382. Calculate i(-10).
-12
Let y(f) = -f**2 + f - 2. What is y(1)?
-2
Let h(z) = -24*z + 47. What is h(2)?
-1
Let d(g) = 2*g**3 - 9*g**2 + 4*g + 3. Give d(4).
3
Let i(b) = 2*b + 34. Give i(-16).
2
Let w(m) = -17*m - 429. Determine w(-23).
-38
Let b(v) = 2*v - 24. Calculate b(16).
8
Let l(t) = -3*t**3 + 4*t**2 - 3*t + 6. Give l(4).
-134
Let s(i) = 7*i + 9. Determine s(-4).
-19
Let r(v) = 9*v**2 - v - 8. Calculate r(-2).
30
Let j(n) = n**3 + n**2 - 5*n - 1. Determine j(5).
124
Let j(r) = -17*r**3 - 4*r - 2. Give j(-1).
19
Let n(g) = -g**3 - 13*g**2 + 5*g + 5. What is n(-13)?
-60
Let z(d) = 52*d + 2. Determine z(2).
106
Let f(u) = 3*u**2 - 21*u + 24. Give f(5).
-6
Let v(p) = p**2 + 8*p - 83. Determine v(6).
1
Let j(q) = q**2 + 53*q + 3. Determine j(0).
3
Let d(r) = -r**3 - 6*r**2 + 8*r + 8. What is d(-7)?
1
Let i(s) = -s**3 + 44*s**2 - 83*s - 48. Give i(42).
-6
Let i(a) = -a**3 - 14*a**2 - 3*a - 37. What is i(-14)?
5
Let f(i) = -i + 8. Give f(4).
4
Let d(u) = -66*u + 1385. Determine d(21).
-1
Let o(m) = m**2 - m - 2. Give o(3).
4
Let o(k) = -k**3 - k**2 + 2*k + 1. Determine o(0).
1
Let h(u) = u**2 - 9*u + 1. Determine h(7).
-13
Let n(m) = 5*m**3 + 2*m**2 - 3*m - 3. What is n(-2)?
-29
Let d(n) = -54*n + 9. What is d(2)?
-99
Let j(x) = x + 8. Give j(-13).
-5
Let s(t) = -t**2 + 2*t + 78. What is s(11)?
-21
Let c(l) = l**3 - 57*l**2 - 116*l - 119. Give c(59).
-1
Let q(k) = 10*k - 34. Determine q(3).
-4
Let h(w) = -w**2 - 10*w - 10. What is h(-9)?
-1
Let h(m) = m**2 + 10*m - 7. What is h(-12)?
17
Let h(f) = 28*f**3 - 1. What is h(1)?
27
Let o(q) = -12*q**3 + q**2 - 1. What is o(1)?
-12
Let u(a) = a**3 - 3*a**2 + 4. Determine u(2).
0
Let p(j) = -3*j**2 + 3*j - 14. What is p(2)?
-20
Let s(x) = x**3 + 17*x**2 - 19*x - 24. Give s(-18).
-6
Let h(c) = 2*c + 57. Calculate h(0).
57
Let f(h) = 2*h + 7. Give f(4).
15
Let v(s) = -s**3 + 7*s**2 + 61*s + 3. Give v(12).
15
Let d(k) = -2*k**3 + 5*k**2 - 4*k + 4. Determine d(3).
-17
Let o(g) = 2*g + 1. What is o(-7)?
-13
Let t(r) = r**2 + 51*r + 513. Determine t(-37).
-5
Let o(f) = 6*f - 76. Give o(9).
-22
Let t(m) = -3*m**3 + 4*m**2 + m. What is t(-1)?
6
Let s(m) = m**3 - 6*m**2 - 3*m + 9. Give s(7).
37
Let c(y) = -y**3 + 35*y**2 + 36*y - 1. Give c(36).
-1
Let h(k) = k**3 + 11*k**2 + 13*k + 21. Calculate h(-10).
-9
Let f(s) = -2*s - 2. What is f(4)?
-10
Let w(h) = h**3 - 6*h**2 - 79*h + 426. Give w(5).
6
Let q(a) = -a - 32. Give q(-19).
-13
Let d(i) = i**2. Determine d(-2).
4
Let f(z) = 103*z**3 + 2*z**2 - 1. What is f(-1)?
-102
Let h(t) = t**2 + 8*t - 5. Calculate h(4).
43
Let x(s) = -s**2 - 2*s - 6. Calculate x(5).
-41
Let s(i) = -2*i + 33. Give s(18).
-3
Let d(v) = -v**2 - 4*v + 9. Determine d(-3).
12
Let h(n) = 6*n + 99. Determine h(-16).
3
Let c(v) = -2*v - 2. Calculate c(8).
-18
Let y(k) = k**2 - 12*k + 22. What is y(11)?
11
Let a(d) = -4*d**2 + d + 2. Give a(-2).
-16
Let g(x) = -x + 4. Calculate g(9).
-5
Let t(a) = -a**2 + 17*a - 14. What is t(12)?
46
Let r(x) = x**3 + 31*x**2 - x - 28. Determine r(-31).
3
Let w(u) = u**2 - 31*u + 105. Give w(4).
-3
Let h(n) = n**3 - 18*n**2 - 20. Calculate h(18).
-20
Let o(b) = b + 34. Give o(3).
37
Let y(m) = -m**2 + 13*m - 35. Give y(6).
7
Let q(h) = -4*h - 93. What is q(-25)?
7
Let i(q) = -q**3 - 11*q**2 + q + 9. What is i(-11)?
-2
Let k(s) = 18*s - 159. Determine k(8).
-15
Let j(f) = f - 34. Give j(19).
-15
Let c(g) = -g + 4. Determine c(-4).
8
Let t(f) = 4*f**2 + 19*f - 5. What is t(-5)?
0
Let j(v) = -7*v - 30. Determine j(0).
-30
Let h(j) = j**3 - 7*j**2 - 6*j - 20. Give h(8).
-4
Let h(v) = -v**2 - 8*v + 107. Calculate h(7).
2
Let a(n) = 12*n**2 - 17*n - 1. Give a(1).
-6
Let i(d) = -5*d - 14. Calculate i(-4).
6
Let x(r) = r**3 + 3*r**2 - 11*r - 1. Calculate x(-5).
4
Let x(h) = h**3 + 7*h**2 - 5. Determine x(-7).
-5
Let b(i) = -60*i**2 + 1. What is b(1)?
-59
Let h(z) = -z**2 + 9*z - 14. Determine h(8).
-6
Let n(s) = -18*s + 82. Determine n(4).
10
Let b(k) = 2*k**2 - 15*k + 7. What is b(7)?
0
Let f(o) = -39*o + 895. What is f(23)?
-2
Let i(v) = -2*v**3 + 91*v**2 + 140*v + 51. Give i(47).
4
Let o(t) = 3*t**2 + 5*t - 4. Calculate o(-4).
24
Let c(w) = -3*w**2 - 10*w - 1. Give c(-4).
-9
Let h(n) = -37*n + 13. What is h(1)?
-24
Let s(y) = y**3 - 8*y**2 - 5*y - 14. Give s(7).
-98
Let y(g) = -2*g**3 - 26*g**2 - 81*g + 15. Calculate y(-7).
-6
Let n(z) = z**2 + 2*z - 7. Determine n(-5).
8
Let x(g) = 11*g + 23. Calculate x(-4).
-21
Let o(d) = d**3 - 6*d**2 + 7*d + 8. Determine o(6).
50
Let o(g) = -9*g + 63. Determine o(4).
27
Let w(r) = r**3 + 28*r**2 - 58*r + 46. Calculate w(-30).
-14
Let j(x) = 2*x**3 + 16*x**2 - 13*x - 14. Give j(-9).
-59
Let v(t) = 2*t + 17. Give v(-10).
-3
Let g(m) = -5*m**2 - 3*m - 4. Give g(4).
-96
Let y(g) = 9*g + 40. Calculate y(-5).
-5
Le